at is the greatest common divisor of 42 and 28?
14
What is the greatest common divisor of 108 and 675?
27
Calculate the greatest common divisor of 17 and 527.
17
Calculate the greatest common factor of 1400 and 650.
50
Calculate the highest common divisor of 5830 and 5.
5
What is the highest common factor of 74520 and 115?
115
What is the greatest common divisor of 10 and 80?
10
What is the highest common divisor of 520 and 13560?
40
Calculate the highest common divisor of 1099 and 14.
7
What is the highest common divisor of 32 and 21832?
8
What is the highest common divisor of 14 and 448?
14
Calculate the highest common factor of 69 and 115.
23
Calculate the highest common factor of 25 and 9175.
25
What is the greatest common divisor of 5338 and 17?
17
What is the greatest common divisor of 138 and 42?
6
What is the highest common factor of 312 and 48?
24
What is the highest common factor of 292 and 28?
4
Calculate the highest common factor of 850 and 1360.
170
What is the highest common divisor of 75 and 50?
25
Calculate the highest common divisor of 95 and 247.
19
What is the greatest common divisor of 64 and 3392?
64
Calculate the greatest common divisor of 230 and 943.
23
What is the greatest common divisor of 315 and 280?
35
What is the highest common divisor of 20 and 330?
10
What is the highest common divisor of 26286 and 26?
26
Calculate the highest common divisor of 497 and 14.
7
Calculate the greatest common factor of 138 and 736.
46
What is the highest common factor of 725 and 25?
25
What is the highest common divisor of 120 and 480?
120
What is the highest common divisor of 580 and 261?
29
What is the greatest common divisor of 1152 and 36?
36
Calculate the highest common factor of 35 and 10.
5
What is the greatest common factor of 935 and 170?
85
Calculate the highest common factor of 24 and 16256.
8
What is the greatest common factor of 23179 and 13?
13
Calculate the highest common factor of 4838 and 472.
118
What is the highest common divisor of 1652 and 28?
28
What is the greatest common divisor of 11875 and 875?
125
What is the greatest common factor of 288 and 416?
32
What is the highest common factor of 39 and 12?
3
Calculate the greatest common divisor of 99 and 369.
9
What is the greatest common divisor of 441 and 1134?
63
Calculate the highest common divisor of 720 and 45.
45
What is the highest common factor of 108 and 7956?
36
Calculate the highest common divisor of 3 and 248.
1
Calculate the highest common factor of 103 and 2987.
103
Calculate the highest common factor of 187 and 238.
17
What is the highest common divisor of 585 and 18?
9
What is the greatest common factor of 11530 and 40?
10
What is the highest common divisor of 30 and 290?
10
What is the greatest common factor of 15 and 20985?
15
What is the greatest common divisor of 28 and 88?
4
Calculate the highest common factor of 6035 and 1775.
355
Calculate the greatest common divisor of 9396 and 81.
81
Calculate the highest common divisor of 30255 and 15.
15
Calculate the greatest common factor of 60 and 7360.
20
Calculate the highest common divisor of 13328 and 16.
16
What is the greatest common divisor of 17355 and 65?
65
What is the greatest common factor of 411 and 6?
3
Calculate the greatest common factor of 48 and 1392.
48
What is the highest common factor of 5296 and 144?
16
What is the greatest common factor of 2 and 17?
1
Calculate the highest common factor of 504 and 441.
63
Calculate the highest common divisor of 33 and 275.
11
Calculate the greatest common factor of 132 and 1045.
11
What is the highest common factor of 167 and 6012?
167
What is the greatest common divisor of 13 and 39?
13
Calculate the highest common factor of 2006 and 118.
118
What is the highest common divisor of 1290 and 315?
15
Calculate the greatest common divisor of 1503 and 54.
9
Calculate the highest common factor of 10 and 270.
10
Calculate the highest common divisor of 474 and 78.
6
What is the highest common divisor of 57 and 1045?
19
Calculate the greatest common factor of 39562 and 262.
262
Calculate the greatest common factor of 300 and 400.
100
What is the greatest common divisor of 529 and 276?
23
What is the greatest common divisor of 22 and 187?
11
What is the greatest common factor of 64 and 608?
32
Calculate the highest common divisor of 972 and 456.
12
Calculate the greatest common divisor of 45890 and 20.
10
What is the greatest common factor of 410 and 40?
10
Calculate the greatest common factor of 459 and 17.
17
Calculate the highest common divisor of 275 and 11.
11
Calculate the greatest common divisor of 1107 and 27.
27
What is the highest common factor of 25 and 60?
5
What is the greatest common factor of 364 and 266?
14
What is the highest common factor of 216 and 48?
24
Calculate the greatest common factor of 245 and 665.
35
Calculate the greatest common factor of 104 and 26.
26
Calculate the greatest common factor of 371 and 497.
7
What is the greatest common factor of 1296 and 16?
16
Calculate the highest common divisor of 5150 and 150.
50
Calculate the highest common factor of 64 and 19872.
32
What is the greatest common factor of 196 and 56?
28
What is the greatest common divisor of 1674 and 54?
54
Calculate the highest common divisor of 8 and 488.
8
What is the highest common divisor of 55 and 390?
5
Calculate the greatest common divisor of 190 and 418.
38
Calculate the greatest common factor of 147 and 231.
21
Calculate the greatest common divisor of 229 and 1.
1
What is the greatest common factor of 26 and 9178?
26
What is the greatest common factor of 2250 and 11500?
250
Calculate the highest common factor of 255 and 270.
15
What is the greatest common divisor of 39328 and 64?
32
What is the highest common factor of 418 and 38?
38
What is the highest common divisor of 1652 and 28?
28
What is the greatest common factor of 31 and 3?
1
Calculate the greatest common factor of 352 and 132.
44
Calculate the greatest common factor of 77 and 132.
11
Calculate the greatest common divisor of 112 and 4984.
56
What is the greatest common factor of 9 and 117?
9
Calculate the highest common divisor of 56 and 700.
28
Calculate the greatest common divisor of 67 and 335.
67
What is the greatest common divisor of 302 and 3473?
151
What is the greatest common factor of 119 and 18683?
119
What is the highest common divisor of 7 and 6706?
7
What is the greatest common factor of 1239 and 4012?
59
What is the highest common factor of 315 and 1008?
63
What is the greatest common divisor of 504 and 294?
42
What is the highest common factor of 62 and 713?
31
What is the highest common divisor of 6523 and 11?
11
Calculate the highest common divisor of 53656 and 19.
19
Calculate the highest common divisor of 10 and 915.
5
Calculate the highest common divisor of 94 and 6.
2
What is the highest common divisor of 1105 and 22763?
221
Calculate the greatest common divisor of 7939 and 17.
17
What is the greatest common divisor of 8 and 872?
8
Calculate the greatest common divisor of 24 and 6.
6
What is the highest common divisor of 24 and 6?
6
What is the greatest common divisor of 96 and 1632?
96
Calculate the greatest common factor of 36 and 495.
9
What is the highest common factor of 180 and 531?
9
Calculate the highest common divisor of 23 and 2047.
23
What is the greatest common factor of 1016 and 4?
4
Calculate the greatest common factor of 576 and 36.
36
What is the highest common factor of 1820 and 6188?
364
What is the highest common factor of 756 and 84?
84
What is the greatest common divisor of 53 and 636?
53
Calculate the greatest common factor of 79 and 7031.
79
Calculate the highest common factor of 8 and 248.
8
What is the greatest common factor of 120 and 800?
40
What is the greatest common divisor of 5356 and 618?
206
Calculate the highest common factor of 161 and 749.
7
Calculate the greatest common factor of 170 and 80.
10
What is the highest common divisor of 1 and 2?
1
What is the highest common divisor of 38 and 20406?
38
What is the highest common factor of 2413 and 38?
19
What is the greatest common divisor of 330 and 150?
30
Calculate the greatest common factor of 49 and 805.
7
Calculate the greatest common divisor of 27 and 3087.
9
What is the hi